{"id":743,"date":"2025-09-23T19:21:45","date_gmt":"2025-09-23T17:21:45","guid":{"rendered":"https:\/\/krainakuponow.pl\/?page_id=743"},"modified":"2025-09-25T17:52:31","modified_gmt":"2025-09-25T15:52:31","slug":"koszyk","status":"publish","type":"page","link":"https:\/\/krainakuponow.pl\/?page_id=743","title":{"rendered":"Koszyk"},"content":{"rendered":"\t\t<div data-elementor-type=\"wp-page\" data-elementor-id=\"743\" class=\"elementor elementor-743\" data-elementor-post-type=\"page\">\n\t\t\t\t<div class=\"elementor-element elementor-element-7d76db8 e-con-full e-flex e-con e-parent\" data-id=\"7d76db8\" data-element_type=\"container\" data-settings=\"{&quot;background_background&quot;:&quot;classic&quot;}\">\n\t\t<div class=\"elementor-element elementor-element-8eef30e e-con-full e-flex e-con e-child\" data-id=\"8eef30e\" data-element_type=\"container\">\n\t\t\t\t<div class=\"elementor-element elementor-element-f40a95b elementor-widget elementor-widget-heading\" data-id=\"f40a95b\" data-element_type=\"widget\" data-widget_type=\"heading.default\">\n\t\t\t\t\t<h2 class=\"elementor-heading-title elementor-size-default\">Koszyk<\/h2>\t\t\t\t<\/div>\n\t\t\t\t<div class=\"elementor-element elementor-element-ccec39f elementor-widget-mobile__width-inherit e-cart-layout-two-column elementor-widget elementor-widget-woocommerce-cart\" data-id=\"ccec39f\" data-element_type=\"widget\" data-settings=\"{&quot;update_cart_automatically&quot;:&quot;yes&quot;}\" data-widget_type=\"woocommerce-cart.default\">\n\t\t\t\t<div class=\"elementor-widget-container\">\n\t\t\t\t\t<div class=\"woocommerce\"><div class=\"woocommerce-notices-wrapper\"><\/div><div class=\"wc-empty-cart-message\">\n\t<div class=\"cart-empty woocommerce-info\">\n\t\tTw\u00f3j koszyk aktualnie jest pusty.\t<\/div>\n<\/div>\t<p class=\"return-to-shop\">\n\t\t<a class=\"button wc-backward\" href=\"https:\/\/krainakuponow.pl\/?page_id=5\">\n\t\t\tWr\u00f3\u0107 do sklepu\t\t<\/a>\n\t<\/p>\n<\/div>\t\t\t\t<\/div>\n\t\t\t\t<\/div>\n\t\t\t\t<\/div>\n\t\t\t\t<\/div>\n\t\t\t\t<\/div>\n\t\t","protected":false},"excerpt":{"rendered":"<p>Koszyk Usu\u0144 Miniatura Produkt Cena Ilo\u015b\u0107 Kwota &times; Analiza Dnia 19,99&nbsp;&#122;&#322; ilo\u015b\u0107 Analiza Dnia 19,99&nbsp;&#122;&#322; &times; VIP-7 DNI 79,99&nbsp;&#122;&#322; ilo\u015b\u0107 VIP-7 DNI 79,99&nbsp;&#122;&#322; &times; Analiza-Cashback 29,99&nbsp;&#122;&#322; ilo\u015b\u0107 Analiza-Cashback 29,99&nbsp;&#122;&#322; &times; Pewniak Dnia 22,99&nbsp;&#122;&#322; ilo\u015b\u0107 Pewniak Dnia 22,99&nbsp;&#122;&#322; Kod promocyjny Podsumowanie: Kwota 152,96&nbsp;&#122;&#322; \u0141\u0105cznie 152,96&nbsp;&#122;&#322; Przejd\u017a do p\u0142atno\u015bci<\/p>\n","protected":false},"author":1,"featured_media":0,"parent":0,"menu_order":0,"comment_status":"closed","ping_status":"closed","template":"elementor_header_footer","meta":{"footnotes":""},"class_list":["post-743","page","type-page","status-publish","hentry"],"blocksy_meta":[],"jetpack_sharing_enabled":true,"_links":{"self":[{"href":"https:\/\/krainakuponow.pl\/index.php?rest_route=\/wp\/v2\/pages\/743","targetHints":{"allow":["GET"]}}],"collection":[{"href":"https:\/\/krainakuponow.pl\/index.php?rest_route=\/wp\/v2\/pages"}],"about":[{"href":"https:\/\/krainakuponow.pl\/index.php?rest_route=\/wp\/v2\/types\/page"}],"author":[{"embeddable":true,"href":"https:\/\/krainakuponow.pl\/index.php?rest_route=\/wp\/v2\/users\/1"}],"replies":[{"embeddable":true,"href":"https:\/\/krainakuponow.pl\/index.php?rest_route=%2Fwp%2Fv2%2Fcomments&post=743"}],"version-history":[{"count":46,"href":"https:\/\/krainakuponow.pl\/index.php?rest_route=\/wp\/v2\/pages\/743\/revisions"}],"predecessor-version":[{"id":993,"href":"https:\/\/krainakuponow.pl\/index.php?rest_route=\/wp\/v2\/pages\/743\/revisions\/993"}],"wp:attachment":[{"href":"https:\/\/krainakuponow.pl\/index.php?rest_route=%2Fwp%2Fv2%2Fmedia&parent=743"}],"curies":[{"name":"wp","href":"https:\/\/api.w.org\/{rel}","templated":true}]}}